8 - -12))?
-1
-36 - -39 - (-2 + -2)
7
Evaluate -3 - ((0 - 3) + 1).
-1
What is the value of 1 + 6 + -8 - -1?
0
(2 - -5) + (4 - (0 - -5))
6
What is (3 - (-5 + -2)) + -1?
9
What is the value of -1 + 2 + (8 + -2 - 3)?
4
What is -4 - (-1 + (-3 - -4))?
-4
Calculate 3 - (-1 - -8 - 8).
4
What is -2 - (-1 - 4 - -5)?
-2
Evaluate 1 + -2 - (-10 - -5).
4
Calculate 0 + -1 + 41 + -42.
-2
What is 3 - (-7 + -7 + 10)?
7
What is the value of -13 + 18 + -5 - (6 + -1)?
-5
Calculate -3 + -1 + 1 + -1 + 7.
3
Calculate 4 + -2 + -6 + 1.
-3
What is the value of (-5 + -2 - 0) + 1?
-6
What is the value of 1 - (8 - (-5 + 12 - -9))?
9
What is the value of -4 + (4 - 9 - -6)?
-3
Calculate 0 + -4 + (15 - (-7 + 13)).
5
Calculate -3 - 1 - (3 - 8).
1
What is the value of (-7 - (4 + -3)) + 4?
-4
What is 9 - (1 + 6) - 7?
-5
Evaluate -3 + (-14 - -16 - (-2 - 0)).
1
What is the value of -5 - (-13 + (10 - 6))?
4
-2 + (2 - 7) + 13
6
3 - (-4 - -6 - 2)
3
What is -6 + (2 - -6) + 0 + -1?
1
Calculate 3 + 2 + 7 + -7.
5
0 - -1 - (-4 - (-5 - 5))
-5
What is the value of 6 + -9 + (3 - 2)?
-2
-6 + 2 + 10 - 8
-2
(-1 - -3 - (1 - 2)) + -3
0
Calculate (1 - 1 - 2) + (-9 - -14).
3
Evaluate 8 + 7 + 0 + -11.
4
3 - ((-2 - -3) + 1 + -1)
2
Calculate -3 - (-4 - (-1 - 6) - 6).
0
Calculate -10 + -1 + 31 + -21.
-1
Calculate -6 + (12 - (-1 + -5) - 5).
7
What is the value of 5 + -2 - (-3 - -7 - -4)?
-5
What is -7 + (3 - 3) + 4?
-3
-1 + -5 + 6 + 2 - 5
-3
What is (-1 - -2) + 16 + -7 + -7?
3
Calculate 6 + 0 + -1 + 4 + -8.
1
What is 1 + 10 + 2 + -6?
7
Evaluate -3 - -3 - (11 - 8) - -4.
1
Evaluate (-2 - 4) + (56 - 40) - 1.
9
13 - 5 - (4 + 0 - -1)
3
Evaluate 2 - 0 - (1 + -1 + -1).
3
What is the value of -19 - (3 + 10 + -24)?
-8
What is the value of 4 + 5 + -20 - -8?
-3
Evaluate -6 - (-1 + (-1 - -2 - 4)).
-2
Evaluate -5 + 3 + 2 + 10.
10
0 - 0 - (-5 + 5 - -5)
-5
Evaluate -8 + 0 + -4 + 7.
-5
What is the value of 10 + (1 - -1) + (-80 - -74)?
6
Evaluate -74 - -73 - (-7 + 0 + -1).
7
Evaluate 23 + -13 + 6 + -7.
9
What is (10 - (-2 - -9)) + (2 - 1)?
4
-3 + (8 - 5) - (-5 + 0)
5
-1 - 7 - (1 - 5)
-4
Evaluate 0 + 2 + (-14 - -9).
-3
What is the value of 5 + -1 + -1 + 1?
4
What is the value of -3 - (1 - (2 - (5 + -2)))?
-5
24 + -24 + (-5 - 2 - -2)
-5
What is 1 + (0 - (-8 + 5))?
4
What is 0 + -10 + 19 - (1 + 2)?
6
What is (-1 - -7) + (0 + 6 - 7)?
5
Calculate 2 + 8 + -5 + -10.
-5
What is -3 + (7 - (5 - 1)) + -6?
-6
5 + (1 - 6 - 0 - -3)
3
Calculate 7 - (-11 + 2 - (-5 + 0)).
11
Calculate -1 + -6 + (6 - -7).
6
What is the value of (15 - 10) + -1 - (1 - 0)?
3
Evaluate -5 - (-10 + (5 - (8 - 5))).
3
Calculate 1 + (4 - (1 + 3)).
1
0 - 2 - (-15 + 19 - 4)
-2
Evaluate 19 + -16 + 9 - 22.
-10
Evaluate -9 + 0 + 5 + -1.
-5
2 + (-11 + 3 - -2)
-4
Evaluate (-3 - -7) + (-1 - 1).
2
1 + (0 - -1) + 0
2
Evaluate 1 + (3 - 4) - (4 - 1).
-3
-2 + (7 - 4) - -4
5
What is the value of -3 + (2 - 4) - 0?
-5
Calculate -1 + 5 - (-12 + 14).
2
What is (1 - (2 - 0)) + (-85 - -86)?
0
Calculate 4 + 4 + -12 - (4 + -3).
-5
What is the value of (5 - 9 - 0) + -1?
-5
Calculate 5 - (-12 + 3 - -8).
6
Evaluate 2 - (-3 + 2 + (1 - 3)).
5
Evaluate (0 - -2) + -5 - 0.
-3
What is the value of -2 + 0 + (4 - -1)?
3
Calculate 3 + (3 + -5 - -4) - 2.
3
What is the value of 3 - (1 - 1) - (0 - 0)?
3
What is the value of 5 + (6 - -1 - 4)?
8
What is the value of 25 + -33 - (2 - -1)?
-11
What is -67 - -59 - (-1 - 4 - 0)?
-3
What is 29 + -23 + -6 + 0?
0
0 - (-3 - -9) - -5
-1
Calculate -9 + -2 - (-41 + 32).
-2
Evaluate 5 - -8 - (1 - (3 - 5)).
10
Calculate (7 - 1) + -4 + 5 + -4.
3
-2 + 6 - 3 - (6 + -11)
6
What is the value of -1 + (3 - 3 - 3) + 0?
-4
What is the value of (-1 - (1 + -5)) + -9?
-6
Calculate 0 + (-4 - 1) - -1.
-4
Calculate -8 - (5 + -10) - -8.
5
(-5 + 1 - (-15 + 10)) + -3
-2
4 - (3 - (-6 + 2)) - -1
-2
What is (-5 - (0 - 2)) + 1?
-2
Evaluate (452 - 450) + (0 + 1 - 1).
2
What is the value of (-8 + 2 - (0 - 9)) + 3?
6
Evaluate -4 + 6 + (4 - 3).
3
Calculate 5 - (6 + -4) - (-14 + 17).
0
What is the value of 5 + (10 - 7) + -5?
3
9 + -7 - (-2 + 1 - 1)
4
14 + -5 + 0 - (-7 + 10)
6
What is the value of 3 - (-6 - (-3 - (-2 - -2)))?
6
0 + 0 - (-2 - 0)
2
What is the value of -1 - -1 - (-2 + 5)?
-3
1 - -5 - (2 - 1)
5
(-1 - -4) + 25 + -24
4
Evaluate (-12 - -21) + -21 - -16.
4
What is 0 - 0 - (-8 - (8 - 15))?
1
Calculate 0 + (2 - 5 - -4).
1
Calculate -1 - -2 - (43 + -41).
-1
1 - (-6 + 1 - (-5 + 3))
4
What is 1 + (-5 - -2) - (1 - 3)?
0
-2 + (1 - (2 - 3))
0
What is -9 + (5 + -4 + 6 - 2)?
-4
What is -2 + (-3 - (-11 + 4))?
2
Calculate 1 - ((6 - 11) + 10).
-4
(-5 + 6 - (0 + 0)) + -3
-2
What is the value of (2 + -5 - 3) + 12?
6
Evaluate 2 + -1 + 4 - (4 + -1).
2
What is the value of 15 - 22 - (1 + -5)?
-3
What is 7 - (-18 + 14) - 2?
9
What is the value of 1 - (6 + -2 + -4 + -2)?
3
What is the value of (-9 - -8 - -5) + -1?
3
What is the value of -4 - (-1 - 7) - (-1 - -2)?
3
What is the value of -3 + (3 - (0 + 3))?
-3
What is 4 + 1 + -4 + 7?
8
Evaluate 0 + (9 + -6 + 2 - -5).
10
Calculate -1 - -3 - -2 - (16 + -9).
-3
Calculate (1 - 4) + 3 + 0 - -4.
4
What is the value of -4 - (7 + (-17 - -3) - -4)?
-1
Evaluate 5 + 1 - (0 - (0 - 3)).
3
1 - (5 + 0 + -1 + -2)
-1
What is (-45 - -53) + (-6 - -1)?
3
2 + 8 + -17 - -11
4
Calculate (-1 - 1) + 0 - (3 + 0).
-5
What is the value of (-6 + 2 - 5 - -4) + 1?
-4
What is the value of 2 + -6 - (-2 - -1 - -1)?
-4
1 + (1 - 3) + -1 + 6
4
What is the value of 5 + (1 - 1 - 1)?
4
2 + (2 - 4) - (3 - 1)
-2
What is -4 + 2 + 5 + (3 - 6)?
0
-3 + -4 + -1 + 4
-4
0 - (1 - (10 + -1 + -5))
3
What is 4 + 6 + (11 - 16)?
5
Evaluate -7 - 0 - (-2 + -1).
-4
Calculate -4 + -1 + 1 + 3.
-1
-8 + -10 + 12 + 8
2
What is the value of -6 - (3 - 3) - -2?
-4
What is the value of 4 + (-1 - -5 - (0 + 3))?
5
What is the value of -5 + (7 + -3 + -3 - -2)?
-2
Evaluate (-2 - (3 - 4)) + -3 - -1.
-3
Calculate 16 + 2 + 4 + -13.
9
Evaluate (1 - (-7 + 12)) + 0.
-4
What is the value of -7 + 0 - (-3 - 0)?
-4
10 - (12 + 10 + -15)
3
5 + 10 + (10 - 18)
7
What is the value of (-5 - 0) + -1 + 3 + 3?
0
What is the value of 2 + -8 + 8 - 3?
-1
What is the value of 3 - ((4 - 2 - -8) + -4)?
-3
-1 + 1 + 2 + -5
-3
1 + 6 + 53 + -59
1
What is (3 + -2 - 11) + 23 + -15?
-2
(1 - 0) + (-17 - -16 - 0)
0
(-7 - -4) + (3 - 1)
-1
Calculate -5 - (-4 + (0 - -1)).
-2
Evaluate 10 + 7 - (-1 + 16).
2
Calculate -4 + 6 - (6 - 1 - 1).
-2
What is -5 - (-5 - (5 - 3)) - -4?
6
-1 + 5 + 3 + -3
4
Calculate -10 + 2 + (-2 - (-11 - -4)).
-3
Evaluate 6 + 2 + -5 - (3 + -2).
2
What is the value of -8 - ((-11 - -1) + 10)?
-8
Evaluate (0 + -2 - 3) + 6 + -5.
-4
Calculate -6 - -3 - (2 - 5).
0
Calculate 5 + -3 + (-2 + 2 - 2).
0
15 - (20 - 9 - 2)
6
0 + 2 + -1 - 1
0
What is the value of (-1 - -12) + (-1 - 15)?
-5
Calculate 0 - 4 - (-26 - -23).
-1
What is the value of -2 - (-12 - (-6 - -3) - -5)?
2
What is the value of (3 - 0 - -1) + 1?
5
-6 + -2 + (8 - 2) + -2
-4
6 + (1 + -8 - -5)
4
What is the value of 6 - (-3 + (5 - (2 - 5)))?
1
-9 - (2 + (8 - 6 - 7))
-6
Evaluate 0 + (-14 + 12 - (2 - 0)).
-4
What is the value of (-11 + 29 - 12) + 3?
9
What is the value of 2 + (3 - (4 - 6)) + -2?
5
8 - -1 - (11 + (11 - 12))
-1
What is the value of 11 - (-6 - (-6 - 11))?
0
Calculate -10 - -3 - (-14 + 9) - 4.
-6
Calculate 1 + 2 + -3 - (1 - -5).
-6
What is the value of (-14 - -4) + 4 + -4 + 3?
-7
Evaluate 3 + -4 + (-2 - 1) - -9.
5
Evaluate 3 - -3 - (0 + 4).
2
Evaluate -11 - (-8 - (6 + 5)).
8
Calculate -2 - -1 - (-10 - -9).
0
Evaluate 22 - (10 - (-5 - -3)).
10
What is (1 - (-1 + 1)) + -3?
-2
0 - -2 - -1 - (-6 - -5)
4
Calculate 3 + 0 + 0 + -4 + 1.
0
(0 - -1) + -4 + (11 - 12)
-4
What is the value of 1 - 3 - ((0 - 0) + -1)?
-1
Calculate 4 + 3 + -1 - (184 - 181).
3
Evaluate 1 + 5 + -3 + 3 + -1.
5
Evaluate (-3 - -4) + 4 + (4 - 4).
5
What is 1 + -4 + -3 - (1 - 0)?
-7
-2 - (-4 - (5 + -11))
-4
What is the value of -3 + -1 + (2 - -5) + -6?
-3
Evaluate 3 - (8 - 5) - (1 - 2).
1
0 - (-36 - -43 - (0 - -1))
-6
Evaluate (-6 + -4 + 9 - 2) + 1.
-2
1 + -6 + -3 + 2 + 3
-3
What is -2 + 0 - (12 + -7 + -2)?
-5
What is the value of -1 - -3 - (2 + 0 + 1)?
-1
Calculate 4 - (-2 - -3 - -4).
-1
What is (-1 - -2 - (-9 + 3)) + -4?
3
Evaluate -3 - (5 - (2 - -6)).
0
Calculate (-10 - -5 - -2) + (-3 - 1).
-7
Calculate 4 - 1 - (-6 + 6).
3
What is the value of -5 + (5 - -3) + -8?
-5
-13 + 11 + 1 + 2
1
Calculate 0 + 4 + (8 - 1